i. Is (-12)/i*(3 + -506) composite?
True
Suppose -2070275 = -39*y + 34*y. Is y a prime number?
False
Let k = -47 + 39. Is (2/k)/(5/(-358060)) composite?
False
Let t(i) = -1 - 4517*i - 14367*i + 3. Let g be t(-1). Suppose -6*n = -20*n + g. Is n a prime number?
False
Let i = -18675 - -28546. Is i a prime number?
True
Let d(s) be the first derivative of 299*s**3/3 - 5*s**2/2 + 3*s - 83. Is d(2) a composite number?
True
Let s(i) = 4556*i - 6833. Is s(9) prime?
True
Is 12 + -6 - (-7)/14*97814 a composite number?
True
Let v(c) = -c**2 - c + 1. Let p(i) = 14*i**2 + 12*i + 25. Let o(a) = p(a) + 4*v(a). Is o(13) composite?
False
Let g be 135781/17 + 1210/(-170) + 7. Suppose -5*r = -23778 - g. Is r prime?
True
Suppose 152792 = 49*s + 57586 - 33517. Is s composite?
True
Let m(v) = -50*v + 23*v - 53*v - 139. Is m(-28) prime?
False
Let q be (-5 + 2 + (5 - 1))*0. Suppose q = -137*k + 130*k + 47887. Is k prime?
True
Suppose -217903937 = -119*b + 40284770. Is b a prime number?
True
Let b = -5349 + 23778. Let l = 26958 - b. Is l prime?
False
Suppose -158065 = -o + 4*y, -986775 + 196360 = -5*o + 5*y. Is o a composite number?
True
Suppose 2*d = 2*c + 12, -c + 35 = 2*d + 11. Let j(k) = 2*k - 7. Let b be j(d). Suppose -15*n = -b*n - 2074. Is n prime?
False
Suppose 359 = m + j, -3*m + 1445 = m - 5*j. Suppose -r + 4 = 0, 0*f - m = -2*f - 3*r. Let u = -55 + f. Is u composite?
True
Let b(d) = -19854*d + 931. Is b(-3) a composite number?
False
Is (-2026519)/(-4) - (-993)/(-1324) a composite number?
False
Let h = 20581 + 57268. Is h composite?
False
Let m(k) = -2*k + 1576*k**2 + 9*k + 15 - 9. Is m(-3) a prime number?
False
Suppose -5*i + 7*h + 192613 = 0, 16*i - 17*i = 3*h - 38549. Is i a prime number?
False
Is ((-30)/(-4))/((-30)/20) - -45388 a composite number?
True
Is 161741 + 0*(-7 + (-117)/(-18)) a composite number?
False
Let r be 6/(0 + (-4)/2)*-15. Is 559/5 - 36/r prime?
False
Let d = 30 - 15. Suppose -11*v + d*v = 3032. Suppose -k + v = k. Is k a composite number?
False
Let p(n) = -274*n + 37. Let q be p(3). Let k = 4218 + q. Is k a prime number?
True
Suppose -7 = -2*t - 4*a + 1, 3*t - 2*a - 12 = 0. Suppose -3204 = t*v + 2948. Is 1/(5/v*(-4)/10) prime?
True
Suppose -14*c = -25*c - 726. Is (66/c)/((-1)/17647) prime?
False
Let t(u) = -478*u**3 + 3*u**2 - 6*u - 10. Is t(-3) composite?
False
Let t = -1511649 - -2500756. Is t composite?
True
Let j(y) = -225*y**3 + 19*y**2 + 24*y - 25. Is j(-9) a prime number?
False
Let s(q) = 996*q**2 - 5*q - 4. Suppose 3*t = 4*z + 1 + 10, -10 = -5*z - t. Suppose 0 = -f + 1, 8*f - 3*f - z = -4*r. Is s(r) composite?
False
Let i be (-6)/(-8)*-2 - (-3)/2. Suppose i*t - 6 = -2*t. Suppose -1769 = -t*j - h + 3*h, 4*h = -5*j + 2919. Is j a composite number?
False
Let o = -174 - -189. Let f(b) = b**3 - 13*b**2 - 24*b + 5. Is f(o) a composite number?
True
Let f = 462 + -449. Suppose -2*c - 11*w = -f*w - 11560, 3*c + w - 17336 = 0. Is c composite?
False
Let j(f) = -2696*f - 1047. Is j(-5) composite?
False
Suppose -96*y + 3928137 = -9*y. Is y a composite number?
True
Let r(a) = 10*a + 5 - a**2 + 0 + 0*a**2 - 6*a. Let b be r(5). Suppose 3*t - 3*l - 3108 = b, 2*t + 0*l = 5*l + 2057. Is t composite?
True
Suppose 2*u - 35 + 15 = 0. Let o be 3 + ((-4)/u - (-12)/(-20)). Suppose 2518 = -o*x + 4*x. Is x a prime number?
True
Is ((-17)/34)/(65/1866644*(-2)/145) composite?
True
Let h(g) = -457235*g + 3054. Is h(-1) prime?
True
Let c = 96 + -149. Let u = 64 + c. Suppose 8*z - u*z + 393 = 0. Is z composite?
False
Let z = -487586 + 741393. Is z prime?
False
Let x be (-72)/(-4) - (-9 + 7). Is ((-4)/8)/((x/14776)/(-5)) prime?
True
Let g(m) = -m**3 + 16*m**3 - 22 - 15*m**3 + 2 + 17*m**2 + 21*m - m**3. Suppose -22 = -2*i + 5*j - 1, -3 = -j. Is g(i) a prime number?
False
Let c(l) = 20549*l + 6. Let s(i) = -i - 5. Let g be s(-6). Is c(g) a composite number?
True
Suppose -68*v + 374 = -51*v. Suppose v*c = 16*c + 870. Is c prime?
False
Suppose 6*z + 43 = 253. Let j be 3/(-21) - 5/z*-36. Suppose 2*q - 3*s - 441 = -2*s, -1090 = -5*q + j*s. Is q a composite number?
False
Let f(v) = v**2 - 9*v + 15. Let a be f(7). Let w be 2 + (-2)/(3 - a)*0. Suppose 7*m - 47295 = -w*m. Is m a prime number?
False
Suppose -4*v = 4*p - 2 + 10, v = 2. Let o(j) be the second derivative of j**4/4 - j**3/6 + j**2/2 - 2*j. Is o(p) composite?
False
Let k(p) = -8*p**2 - 4*p - 15. Let y be k(6). Let q = y + -37. Let i = q + 2163. Is i a prime number?
False
Suppose 5*n = 2*n + 9. Let g be n + -5 + (523/(-1))/1. Let h = -206 - g. Is h a prime number?
False
Let a = 2 - 4. Let l(h) be the third derivative of -145*h**4/24 + h**3/6 + 72*h**2 - 2. Is l(a) a prime number?
False
Let r(i) = 2*i**3 + 19*i**2 - 12*i - 15. Let f be r(-10). Suppose -f*j - 4540 = -5*c, -5*c - 585 + 5123 = -3*j. Is c - (-4)/12*1*0 prime?
True
Suppose 6*f = -26*f + 25376. Let l = -539 + f. Is l a composite number?
True
Suppose -108 = -3*c + 2*p + p, -4*p - 177 = -5*c. Is (3691/(-4))/((c/(-12))/11) composite?
False
Let b(t) = 32*t**2 - 1457*t + 85. Is b(84) prime?
False
Let p = 307817 + -172768. Is p a composite number?
False
Suppose 0 = -9*a - 94 + 112. Is -4209*a/(-6) + -6 a composite number?
True
Suppose -6400623 = 49*r - 17611235. Suppose 7*z + 57197 = k + 3*z, 0 = -4*k + 2*z + r. Is k a prime number?
False
Is 2/(-8)*1*-1 + 97712265/140 a prime number?
False
Suppose c - 67901 - 12492 = 0. Is c a composite number?
True
Let r(p) = p**2 - 10*p + 2. Let d be r(10). Suppose v - 46 = -2*i + d*v, -12 = -i - 5*v. Suppose -5*g = -3 - i, -o + 634 = -3*g. Is o prime?
False
Suppose 5*j = 0, -2*j + 1832 = -3*m - 1678. Let k = 1678 + m. Suppose 0 = -3*g + 5*x - 3*x + k, 2*x - 820 = -5*g. Is g composite?
True
Suppose 5*v - 4*w = 36747, 2*v + 2*v - 29373 = -5*w. Suppose g + 4*h - 3*h = 7335, -2*h - v = -g. Is g prime?
False
Let u = 3401 - -62388. Is u composite?
False
Let t = 240076 + -171317. Is t a composite number?
True
Suppose h + 8 = 2*g, h + 22 = 5*g + 5. Let n be (-7 - 144/(-20))*5245. Suppose 4*a - n = g*a. Is a prime?
True
Let z(j) = 2259*j + 547. Is z(14) a prime number?
True
Suppose 0 = -5*m - y + 104491, 0 = 5*m + 20*y - 15*y - 104515. Is m a composite number?
False
Let p(v) = 15*v**2 - 21*v - 8. Let q be p(-35). Let r = q + -10985. Is r a composite number?
False
Let k be ((-358)/6)/((-3)/9). Let f = 12 - 7. Suppose -4*m - k = -q + 34, 3*q = f*m + 674. Is q prime?
True
Let i = -174313 + 474246. Is i prime?
True
Let d be (27/18)/3 + (-29729)/(-2). Let g = 26062 - d. Is g prime?
True
Suppose -1 = -2*q - 17. Let s be 3/6 + 5332/q. Let h = s + 1637. Is h a prime number?
True
Suppose 10*y = 5*y - 4*m + 33, m = -5*y + 27. Suppose o - y*o = -100. Suppose 5*z + o + 937 = 3*a, 3*a + 4*z - 1007 = 0. Is a prime?
False
Let y(o) = -2*o**3 - 28*o**2 - 696*o - 37. Is y(-50) a prime number?
True
Let q(l) be the third derivative of l**6/120 - 7*l**5/60 + l**4/3 - 3*l**3/2 + 4*l**2 + l. Suppose 0 = -6*h + 7*h - 6. Is q(h) prime?
True
Suppose -6*o - 4*o = 3*o - 215839. Is o composite?
False
Let n = 3428 - 1656. Let z = 1347 + n. Is z prime?
True
Let l(u) = -160*u + 3. Let d(v) = -3*v + 1. Let a(z) = -d(z) + l(z). Is a(-5) prime?
True
Suppose -j + 5*x + 13 + 5 = 0, x - 4 = 4*j. Is (-14089)/j - (-54)/108 composite?
True
Suppose -57*a + 664980 = -27*a. Is 2/((-12)/a)*(2 - 5) a composite number?
False
Let c = -81 - -81. Suppose 4*u - 13672 = -c*u. Suppose u = n + 2*n - 5*p, 3*p = -5*n + 5708. Is n a prime number?
False
Let x(t) = -3*t**2 - 24*t + 14. Let n be x(-8). Is ((n - -1091) + 10)*(-1 - -2) a prime number?
False
Let m = 95707 - -370312. Is m composite?
False
Let x be -1 - -2 - (-2)/14*-7. Suppose -5*g + x*g = -5*m - 83590, 0 = -g - 4*m + 16723. Is g composite?
True
Let b = 600233 + 449366. Is b a prime number?
True
Suppose 5*n = -34*z + 29*z + 5, 0 = -3*n - z + 9. Let r(h) = 1242*h - 11. Is r(n) a prime number?
True
Let x = 93326 + 28121. Is x a composite number?
False
Let r = -36 - -30. Is ((r - -3)/3)/(2/(-4474)) prime?
True
Let n = 2134333 + -1262888. Is n a composite number?
True
Suppose -28486889 - 69119218 = -221*z - 1961506. Is z prime?
True
Let m = 2711 - 2704. Let k(h) = 14*h**3 + 11*h**2 - 11*h - 21. Let r(o) = -7*o**3 - 5*o**2 + 5*o + 10. Let u(n) = -4*k(n) - 9*r(n). Is u(m) composite?
False
Let o(h) be the third derivative of -10